 + 374 = 0, 63 - x = -2*g + 4*t. List the prime factors of g.
3, 31
Let t(g) = 0*g + 2*g - g**2 - g**2 - 90*g**3 + 4*g**2 + 1. List the prime factors of t(-1).
7, 13
Let y be 14*((-2)/4 + 1). Let b = 12 - y. Suppose -b*m = -2*h - 63, -2*m - 2*h = m - 41. List the prime factors of m.
13
Let t be ((-4)/6)/(12/18). Let u = 3 - t. Suppose 2*q = 3*q - 3*m + u, -q - 2*m = -6. List the prime factors of q.
2
What are the prime factors of (-3)/((-36)/6610) - 10/(-60)?
19, 29
Let t(l) = -35*l**2 + l + 1. Let i be t(-1). What are the prime factors of (-4 - 68/(-20))*i?
3, 7
Let n(u) = -6*u**2 - 8 + u**3 - 4 + 18. Let d be n(6). Suppose 0 = -d*v + 2*v + 284. What are the prime factors of v?
71
Let b be 1 + -4*3/(-3). List the prime factors of 0 - -18*b/2.
3, 5
Let d = 1621 + -1362. List the prime factors of d.
7, 37
Let q(a) = -348*a**3 + a. List the prime factors of q(-1).
347
Let p be (-902)/(-9) - 4/18. Suppose 5*l = 15 + 15. Suppose k - l*k = -p. What are the prime factors of k?
2, 5
Let r = 277 - 135. What are the prime factors of r?
2, 71
Suppose 0*y + 273 = 7*y. Let g = 69 - y. What are the prime factors of g?
2, 3, 5
Suppose -z + 4*f = -1589, -3*z + z - 3*f = -3222. List the prime factors of z.
3, 5, 107
List the prime factors of 400 - (-6 - -1 - -6).
3, 7, 19
Let n be -2 - (0 + -1) - -58. Suppose -2*b + 111 = -n. List the prime factors of b.
2, 3, 7
Let j = -77 + 111. Let l = 40 - j. What are the prime factors of l?
2, 3
What are the prime factors of 9 - 7356/(-16) - (-1)/4?
7, 67
Let s(z) = -36*z**3 - 2*z**2 - 2*z - 1. Let u be s(-1). What are the prime factors of ((-42)/u)/(1/(-190))?
2, 3, 19
Let c(o) = -52*o - 52. What are the prime factors of c(-3)?
2, 13
Let a = 34 - 74. Let c = a - -27. Let f(p) = -4*p - 12. What are the prime factors of f(c)?
2, 5
Let m(i) = 8*i + 7. Let y be m(5). Let d = 83 + y. What are the prime factors of d?
2, 5, 13
Suppose -4*z - 12 = m - 6*m, 12 = -4*m - 4*z. Let b(f) be the first derivative of -f**4/4 - f**3/3 - f**2/2 + 20*f - 20. List the prime factors of b(m).
2, 5
Let j be (1 - -1) + (-9 - -6). Let u = 6 - j. Suppose 3*v - 97 = -u. List the prime factors of v.
2, 3, 5
Let s = 810 + -350. List the prime factors of s.
2, 5, 23
Let o(l) = l**3 - 10*l**2 - 13*l + 84. What are the prime factors of o(14)?
2, 7
Suppose 5*j = 5*n + 860 - 2425, 0 = 4*j + 16. Suppose 4*s - 313 = -s - 4*k, -5*s - 2*k = -n. List the prime factors of s.
61
Suppose -m + 0*m + 45 = 0. List the prime factors of ((-6)/(-5))/(m/2400).
2
Suppose 8*t = 2*h + 10*t - 2656, 2*t - 3986 = -3*h. List the prime factors of h.
2, 5, 7, 19
Let w(x) = x**2 - 2*x - 14. Let n be w(5). Let p be n + (-11)/(1/(-1)). Let d = p - -61. List the prime factors of d.
73
Let b(n) = n + 4. Let j be 1*(3 + -2)*0. Let a be b(j). Suppose a*g - 43 = 13. What are the prime factors of g?
2, 7
Suppose -4*r - 2*w = -1624, 0*r + 5*r - 2*w = 2021. What are the prime factors of r?
3, 5
Suppose 0 = 19*p - 34*p + 1950. What are the prime factors of p?
2, 5, 13
Let m(g) = 3*g + 2. Let i be m(0). Suppose 94 = i*x + 10. Suppose 0 = o + 4 - x. List the prime factors of o.
2, 19
Let s(l) = 0 + 4*l**2 - 3 + 2 - l. Let w = -11 + 8. What are the prime factors of s(w)?
2, 19
Suppose -4*g - 6*m + 372 = -4*m, 3*m = 3*g - 261. Let c = g + -65. What are the prime factors of c?
2, 13
Let y = 293 - -182. List the prime factors of y.
5, 19
Let l(u) be the third derivative of u**6/30 - u**5/12 + u**4/8 + u**3/3 - 20*u**2. What are the prime factors of l(3)?
2, 37
Let s = 308 - 107. List the prime factors of (-5)/(-15)*s + 3.
2, 5, 7
Let d = -79 - -118. Suppose -d - 4 = -l. What are the prime factors of l?
43
Let o = -55 - -57. Suppose -168 + 0 = -o*a. List the prime factors of a.
2, 3, 7
Suppose 0 = 24*g + 12*g - 756. Let r(d) = -d + 6. Let z be r(6). Suppose z = 3*v - 138 - g. List the prime factors of v.
53
Let m(d) = d**2 + 4*d + 2. Let i be m(3). Let c = 116 - i. List the prime factors of c.
3, 31
Let a = -222 - -491. Suppose -129 = -2*s + a. What are the prime factors of s?
199
Let l = 25 - 20. Suppose -3*x + l*x - 88 = 0. List the prime factors of x.
2, 11
Let x = 58 + -245. Let f = x + 289. Suppose 0 = 3*h - 6*h + 2*p + f, 0 = -3*p. List the prime factors of h.
2, 17
Suppose v = -18 - 171. Let f = 364 + v. List the prime factors of f.
5, 7
Suppose 5*i - 2*u = -116, i + 8 = -3*u - 22. Let n be (i/10)/((-4)/10). What are the prime factors of n/2*-1 - -57?
2, 3
Suppose -t + 1314 = 3*u, -4*u + 5248 = -6*t + 10*t. List the prime factors of t.
3, 19, 23
Let x = 8265 + -5511. List the prime factors of x.
2, 3, 17
Let h = -1774 - -3210. What are the prime factors of h?
2, 359
Suppose 238 = 16*v - 14*v. Let y = v + -57. What are the prime factors of y?
2, 31
Let n = -13 - -13. Suppose n*y = 4*j - y - 22, -5*j = 3*y - 19. Suppose -20 = j*x, 3*m - 5*x - 77 = -0*m. What are the prime factors of m?
19
Let x = 6 + -5. Suppose 0 = 3*o - 13 + x. Suppose 6 = -2*y + o*y. List the prime factors of y.
3
Suppose 0 = -5*n - 4*j + 5321, -4*n - 17*j + 15*j = -4252. List the prime factors of n.
1061
Suppose -3*c + 4*c = 4. Suppose -w + 3*w - c*g + 4 = 0, 0 = -5*w - 3*g - 49. List the prime factors of (w/3)/(9/(-216)).
2
Suppose -2*h - 3*y = -28, -14 = h - 5*y - 2. Suppose 0*b = -h*b + 848. What are the prime factors of b?
2, 53
Let r be ((-1)/(-3))/((-3)/27). Let m be (-4 - r)/(-1) + -37. List the prime factors of (-12)/m + 65/3.
2, 11
Let o(j) be the second derivative of j**4/12 - j**3 + 11*j**2/2 + 20*j. Suppose 3*d = 3*f - 36, -2*f - f + d + 28 = 0. List the prime factors of o(f).
3
Let x be 40/(-6) - -6 - 4/(-6). Suppose -j - 2*j + 4*d + 530 = x, 4*d + 20 = 0. List the prime factors of j.
2, 5, 17
Let l = 862 + 1249. What are the prime factors of l?
2111
Suppose 0 = -5*y - 3*z + 13, -4*y = 2*z - 7 - 3. Let b(r) = 113*r - 13. What are the prime factors of b(y)?
3, 71
Let l = -778 + 2681. List the prime factors of l.
11, 173
Let z(a) = 4*a + 7. Let d be z(-5). Let i = -30 - -6. Let t = d - i. What are the prime factors of t?
11
Let r(t) = -414*t**3 + 2*t - 1. List the prime factors of r(-1).
3, 137
List the prime factors of 6702/4*(-22)/(-33).
1117
Let d(a) = a**2 - 13*a + 58. Let o = 106 - 97. List the prime factors of d(o).
2, 11
Let x = -1567 - -2321. List the prime factors of x.
2, 13, 29
Suppose -3*c - 40 = -97. Let z = -20 + c. What are the prime factors of (21/2)/(z/(-4))?
2, 3, 7
Suppose -7*l - 4533 = -10*l. List the prime factors of l.
1511
Let o(g) be the third derivative of -g**4/8 - 2*g**3 - 149*g**2. Let c(b) = b**3 + 4*b**2 + 2*b. Let z be c(-4). List the prime factors of o(z).
2, 3
Let p be 3/(-30)*-5*118. Let q = p - 16. List the prime factors of q.
43
Suppose -6*p + 8*p - s - 1409 = 0, -3*s + 2823 = 4*p. List the prime factors of p.
3, 5, 47
Suppose -3*g + 3*q + 4290 = 0, 9*g + 7132 = 14*g + 4*q. List the prime factors of g.
2, 3, 7, 17
Let w(r) = -r**3 + 23*r**2 + 32*r + 26. What are the prime factors of w(23)?
2, 3, 127
Let t(l) be the second derivative of l**6/40 + l**5/40 + l**4/12 - 2*l**3/3 - 5*l. Let k(s) be the second derivative of t(s). List the prime factors of k(-2).
2
Let t(m) = 3*m - 12. Let k be t(5). Suppose -3*z = k*z - 414. What are the prime factors of z?
3, 23
Suppose -16 = -4*w + 4. Suppose -2*t + 4 = v, -v + 4 + 0 = w*t. Suppose 4*o - 75 = -v*r - r, -2*r + 23 = 3*o. What are the prime factors of r?
19
Suppose -5*o - 2*j + 11195 = 0, o - 5*j = 1635 + 577. What are the prime factors of o?
2237
What are the prime factors of (22/4)/(((-32)/2)/(-864))?
3, 11
Suppose 12 = 5*t - 3*i, 2*t + 4*i - 7*i - 12 = 0. Suppose t = 5*o - 6*o + 6. What are the prime factors of o?
2, 3
Suppose 137*b = 141*b - 2368. List the prime factors of b.
2, 37
Let h = 315 - 207. Suppose 3*u = 2*a + h, 0*u = 2*u - 4*a - 80. List the prime factors of u.
2, 17
Let h be (-2 - 2)/(8/(-52)). Let s = 32 - h. Suppose s + 57 = 2*n - y, n + y - 27 = 0. List the prime factors of n.
2, 3, 5
What are the prime factors of (-20 + 16)*(-313)/4?
313
Suppose 3*k - 8 - 7 = 0. Suppose -k*i + 10*i + 2*y - 314 = 0, y = -3. What are the prime factors of i?
2
Let l(p) = -12*p**2. Let c be l(-2). Suppose -102 = -2*u + 8*u. Let v = u - c. List the prime factors of v.
31
Suppose -5*c + 1026 = -4*a, 4*c - 4*a + a - 821 = 0. What 